) = -m + 159*s - 314*s + 157*s. Calculate a(4).
2
Let m(n) be the second derivative of n**4/3 + 11*n**3/6 - 3*n**2/2 - n + 5850. What is m(-5)?
42
Let o = -5044 - -5043. Let j(f) = -5*f**2 + 20*f + 21. Give j(o).
-4
Let j(g) = -4 + 14*g - 8*g - 10*g. Let q(s) = 3*s**3 - 11*s**2 - 4*s + 1. Let r(l) = l**3 - l - 1. Let t(u) = q(u) - 4*r(u). Let z be t(-11). What is j(z)?
-24
Let t(z) = -9*z**3 + 2*z**2 - 2*z + 1. Let h(q) = -q - 1. Suppose 3 + 9 = 2*m. Let b = m - 8. Let i be h(b). Give t(i).
-8
Let i(x) = -22*x + 792263 + 19*x - 792230. Suppose 5*t + 2*r - 20 = -3*r, 3*t - 37 = 2*r. Determine i(t).
6
Let k(j) = -j - 1. Suppose -4*l - 48 = -10*l. Let w be (1 + l)/((-3)/(-11)). Suppose -4*g - w = -3*z, -50 = -2*z - 3*z + 5*g. Calculate k(z).
-8
Suppose 0 = 3*x - 2 - 19. Let n(y) be the third derivative of y**5/60 - y**4/4 - 5*y**3/6 + 5*y**2 + 2*y + 28. Give n(x).
2
Let h(g) be the first derivative of g**4/2 + 7*g**3/3 - 2*g**2 - 15*g + 3171. What is h(-3)?
6
Let u(z) be the second derivative of -3*z**4/4 + 7*z**3/6 - 5*z**2 + 3279*z. Determine u(2).
-32
Let h(l) be the third derivative of l**6/120 - l**5/30 - 5*l**4/8 + 2*l**3/3 - 748*l**2 - 1. What is h(5)?
4
Let t(b) = -2*b**3 - 77*b**2 + 8*b - 34. Let c(j) = 3*j**3 + 129*j**2 - 15*j + 67. Let r(z) = 3*c(z) + 5*t(z). Calculate r(4).
-21
Let h(z) = -z - 6. Let m(q) = -q - 11. Let c(w) = -w - 12. Let b(o) = -4*c(o) + 5*m(o). Let i(p) = 2*b(p) - 3*h(p). Suppose -v + 12 = -3*v. Give i(v).
-2
Let b be (5 + -1 - -4) + 2. Suppose -5 - b = -3*m - 4*k, -2*k - 5 = -m. Let f(o) = 4*o - 1. What is f(m)?
19
Let v(z) = z**3 + 12*z**2 - 17*z + 150. Let f be v(-14). Let p(d) = -d**2 - 2*d - 5. What is p(f)?
-13
Let h(g) = g**2 - 4*g - 6. Suppose -20 = -5*q - 0. Suppose -5*b + 48 = q*k, -3*b - k - 2*k + 27 = 0. Let c = -7 + b. Calculate h(c).
-1
Let a(k) = k**3 - 7*k**2 - 5*k - 5. Let v be ((1 + 3)/2)/(14/(-49)). Let x be 10 - (-19 + 5)/v. Determine a(x).
19
Let v(q) = 3*q**3 - 110*q**2 + 263*q + 28. Let n(s) = -s**3 + 37*s**2 - 90*s - 10. Let m(r) = 11*n(r) + 4*v(r). Determine m(31).
2
Let d(p) = -2*p**3 - 17*p**2 + 8*p - 185. Let u(r) = -r**3 - 8*r**2 + 3*r - 103. Let q(c) = 3*d(c) - 5*u(c). Give q(-12).
-4
Let w(n) = n. Suppose -5*g + 5*x = -15, -2*x + 4 = 4*g - g. Suppose -6*u - 3*r = -u - 75, 45 = 3*u + r. Suppose 0*s - g*a = 5*s - u, 5*s = a. Calculate w(s).
1
Suppose -19*g + 15*g = 12. Let y(h) be the second derivative of h**5/120 + h**4/24 - 5*h**3/6 - 8*h. Let r(o) be the second derivative of y(o). Calculate r(g).
-2
Suppose 19*l - 3332 = -596. Suppose -2*v + l = -26*v. Let q(d) = 5*d + 2*d - 7 + d**2 - 3*d. Give q(v).
5
Let k(q) = 2*q**3 + 24*q**2 - 126*q + 42. Let d be k(-16). Let r(p) = p**3 - 8*p**2 - 22*p + 25. Calculate r(d).
5
Let q(i) = 265*i. Let k(r) = -213*r - 2. Let z(v) = 5*k(v) + 4*q(v). Calculate z(7).
-45
Suppose -68*b = 21*b - 296 + 830. Let o(k) = -k**3 - 6*k**2 - 6*k - 11. What is o(b)?
25
Let z(q) = -q**3 - 5*q**2 + 3*q - 1. Let j = -224 + 510. Let k = j + -291. Determine z(k).
-16
Let m(a) = 14*a**2 - 4*a + a**3 - 19*a**2 - 2*a**3 - 2 - 2. Give m(-5).
16
Suppose 5*h = 4210 - 4290. Let f(y) = 5*y + 100. Give f(h).
20
Suppose -2*i + 5*u = -28 - 112, 0 = -3*i + u + 223. Let m(g) = 10*g - i*g**2 - 69*g**2 - 11 + 145*g**2. Determine m(-8).
-27
Let m(z) = -12*z + 11*z**2 + 8*z**3 - 9*z**3 + 470 - 473. Give m(9).
51
Let t(w) = -2*w**3 - 10*w**2 + 9*w - w + 3*w**2 + 3*w**3 + 2. Let a(c) = 3*c**2 - 2*c - 2*c**2 - 473 - 3*c + 465. Let h be a(7). Calculate t(h).
14
Let g(o) = 26529*o + 19*o**2 - 27*o**3 + 9 + 25*o**3 - 26529*o. Determine g(9).
90
Let w be (-1)/2 - (-4)/8. Suppose w*f = 3*f. Let r(x) = x**3 - 2*x**2 - 10 - 170*x + x**2 + 171*x + x**2. Give r(f).
-10
Suppose 0 = -19*w + 140*w + 426 - 1515. Let i(v) = -v**3 + 8*v**2 + 10*v + 1. Determine i(w).
10
Suppose 364*q = 122 - 850. Let i(m) = 5*m**3 - 5*m**2 + 2. Calculate i(q).
-58
Let o(b) = b**3 - 5*b**2 - 4*b + 11. Let a = 576 - 977. Let f = a + 406. Determine o(f).
-9
Let v be ((-28)/16)/((-3)/204). Let r be 40/7 + 34/v. Let b(x) = 9 + 3 - 10 + r*x. Calculate b(2).
14
Let r(h) = h**3 - 4*h**2 + h + 4. Let a be r(-1). Let b(l) = -3*l**3 + 4*l**2 + 14*l + 3. Give b(a).
15
Suppose 3*j - 53 = -5*z, -3*z + 0*z = 2*j - 33. Let p(h) = h**3 - 6*h**2 - 3*h - 4. Give p(j).
-22
Let s(y) = y**3 - y**2. Let n(v) = 2*v + 14. Let z be n(-5). Let o(l) = 9*l**2 - 2*l + z - 6*l**3 - l**2 - 3. Let j(f) = -o(f) - 5*s(f). What is j(1)?
-1
Let h(w) = -75*w**2 - 8*w + 6. Let u(m) = -188*m**2 - 17*m + 14. Let g(p) = -5*h(p) + 2*u(p). Determine g(9).
-29
Let u(w) = 206*w + 442. Let s(j) = -73*j - 147. Let t(z) = -17*s(z) - 6*u(z). What is t(28)?
-13
Let x(m) = m**2 + 18*m + 23. Suppose 3*z + 6*z = 4*z. Suppose z = 14*i + 53 + 185. Determine x(i).
6
Let p(m) = 2*m**2 - m + 10. Let u(l) = -2*l**2 + l - 9. Let n(y) = 5*p(y) + 6*u(y). Let b(f) = -2*f**3 + 7*f**2 + 10*f - 21. Let k be b(4). Determine n(k).
-19
Let s(u) = -11*u - 1060. Let o be s(-96). Let z(p) = 3*p**3 + 7*p**2 + 5*p - 4. Determine z(o).
-104
Let u(x) = 2*x + 9. Suppose 2*m + 8 = -2*i, -m = -74*i + 72*i + 13. What is u(m)?
-5
Let a(j) = -j**3 + 10*j**2 + j - 14. Suppose 18 = l + 3*m, 4*l + 2*m - 55 = 7*m. Suppose r - l = -5. Give a(r).
-4
Let g(t) = -7*t**3 - 2*t**2 + 5*t - 5. Let l be 28*28/490 + 2/5. What is g(l)?
-59
Let p(r) be the second derivative of 2/3*r**3 + 0 - 52*r - r**2 - 1/12*r**4. Calculate p(5).
-7
Let q be (13 - 0)*(7 + -1)/(-2). Let w be (-69)/9 + 13/q. Let l(n) = -n**3 - 8*n**2 + 4*n + 11. Determine l(w).
-21
Let p(c) be the first derivative of -3*c**4/4 + c**3 - 3*c**2 + 12*c - 2. Let n(s) = 16*s**3 - 14*s**2 + 29*s - 61. Let o(d) = 2*n(d) + 11*p(d). Give o(4).
-6
Suppose -3*t + 56 = 4*t. Let h(a) = 4 - 51630*a**2 + 8*a + 3*a**3 + 51637*a**2 - 4*a**3. Give h(t).
4
Let l(z) = -2*z + 12. Suppose 98 = 4*k - 146. Let j = k + -53. Calculate l(j).
-4
Let l(g) = g + 126. Let d(f) = 4*f + 259. Let v(p) = 3*d(p) - 7*l(p). Determine v(23).
10
Let q be (54/4)/((-6)/8). Let s(i) be the first derivative of i**4/4 + 17*i**3/3 - 9*i**2 + 4*i + 93. Calculate s(q).
4
Let l(j) be the first derivative of -j**4/4 + 4*j**3/3 - 4*j**2 + 6*j - 1230. What is l(3)?
-9
Let s(j) = j**3 - 16*j**2 - 151*j - 244. Let d be s(23). Let f(i) = -i**3 - 15*i**2 - 6*i + 16. Calculate f(d).
-96
Let y(x) = -x**2 + 9*x + 8. Let n be y(8). Suppose 45 = 5*g - 2*z, -g = 2*g + z - n. Let h(j) = g - 2*j**2 - 5*j + 10*j**2 - 9*j**2. What is h(-5)?
7
Let g(z) be the third derivative of z**8/6720 - z**7/1680 - z**6/240 + 53*z**5/20 + 90*z**2. Let f(p) be the third derivative of g(p). Calculate f(-2).
15
Suppose 397 - 445 = 12*j. Let g(l) = 249*l + 1003. What is g(j)?
7
Suppose 52 - 79 = 9*b. Let l(n) = -n**3 - 5*n**2 + 11*n + 7. Let v(d) = d**3 + 5*d**2 - 12*d - 6. Let s(c) = b*l(c) - 2*v(c). Determine s(-6).
9
Let d be 36/216 - 59/(-6). Suppose -4*x = r - d, -r + 2 = -0*r. Let u(n) = 3*n**3 - n**2 - n - 2. What is u(x)?
16
Let z(a) = -a**3 - 8*a**2 - 5*a + 17. Let h be z(-7). Let t(r) = 7*r**3 + 3*r + r**3 - 20*r**3 - 4*r**2 + 13*r**3 + 2. Give t(h).
2
Let o(m) = 4 + 8*m + 3 - 7. Let d(a) = a**3 + 27*a**2 - 192*a + 202. Let j be d(-33). What is o(j)?
32
Suppose 2*z + 3 = -3*t, -4*z - 5*t + 9 = -2*t. Let i(p) = 50*p - 26*p - 25*p + 6 - z + 6. Let f = -14 - -20. Calculate i(f).
0
Let c(d) = -d**3 + 26*d**2 - 49*d + 31. Let s = -43035 + 43059. Calculate c(s).
7
Let s = 493 + -493. Let m(h) = h**3 + h**2 + 10. Determine m(s).
10
Let d(q) = -15*q**2 - 14*q - 115 - 120 + 222 - q**3. Suppose -182 = 19*r + 84. Calculate d(r).
-13
Let x = 295 - 296. Let i(p) = p**2 + 1. Let q(v) = 2*v + 2. Let u(b) = x*q(b) + i(b). Give u(6).
23
Let g be (-22)/(-4) + 8/(96/(-30)). Let n(q) be the first derivative of -1/4*q**4 - 8*q + 5/3*q**g + 3*q**2 - 4. What is n(6)?
-8
Let c(u) = -2*u + 2. Let k(h) = -7*h**3 + 2*h**2 - 2*h - 2. Let i(x) = -23*x**3 + 6*x**2 - 6*x - 7. Let g(l) = 2*i(l) - 7*k(l). Let b be g(1). Give c(b).
-4
Suppose 2*h - 4*h = -8. Let p(l) = 5*l**3 - 7*l**2 - 2*l + 3. Let v(r) = 7*r**3 - 11*r**2 - r + 4. Let w(j) = 4*p(j) - 3*v(j). Determine w(h).
-4
Let y(f) = -5*f - 3. Suppose -n = 7*n - 320. Suppose 0 = 5*i - 0*i - n. Let w be (-3 + -3)*4/i. Give y(w).
12
Let s = -121 + 112. Let z(y) be the second derivative of -y**5/2